ppose 5 = b*v - t. What is the units digit of v?
2
Let o = -2 - -4. Let r(j) = 3*j + j**3 + 3 + 5*j**o + j + 0. What is the units digit of r(-3)?
9
Suppose 0 = -2*x - 0*d - 5*d - 1, 4*x = 4*d + 12. Suppose x*j + 5*p = 15, p - 10 = 3*p. What is the units digit of j?
0
Let v(t) = t**2 + 5*t + 3. Let y be v(-4). Let n be (y - 0)*(-1 + -16). Let r = n - 10. What is the units digit of r?
7
Suppose 3*o + o = 0. Suppose -4*y = -6*h + 3*h - 13, -2*y - 5*h - 13 = o. What is the units digit of y?
1
Let f be 1 + (3 - 3 - -2). What is the tens digit of 13 + 1*(f - 6)?
1
Let q = -6 + 7. Let a = q - 9. Let z = 16 + a. What is the units digit of z?
8
Suppose -4*w - 26 = -3*u, 4*u + 4*w + 16 = 2*u. Suppose -u - 2 = -4*t. What is the units digit of 8 - (-1 + 2)/t?
7
Let v(a) = -10*a + 91. What is the tens digit of v(-17)?
6
Let v be 816/15 + 3/5. Suppose p - 4 = 0, -p + v = -l - 3*p. What is the units digit of (1 + l/3)/(-2)?
0
Let p be (-96)/(-44) - 4/22. Suppose 3*s - p*s = 1. What is the units digit of s?
1
Let c(m) = -25*m + 58. What is the hundreds digit of c(-5)?
1
Let n = -24 + 46. What is the tens digit of n/143 + (-271)/(-13)?
2
Let b(n) = n**2 + 7*n - 11. What is the tens digit of b(9)?
3
Suppose 0 = -v - 3*d - 8 + 29, -v + 49 = -4*d. Suppose 2*a - z - v + 4 = 0, 0 = -3*a - z + 56. What is the tens digit of a?
1
Suppose 5*w = 2 + 13. Suppose 2 + 4 = w*d. Suppose -2*l - j + 29 = 0, j - d - 3 = 0. What is the units digit of l?
2
What is the units digit of 0/17 + 1*3?
3
Let k = -12 + 36. What is the tens digit of k?
2
Suppose 2*w - 5*f - 39 = -0*w, 0 = -2*f - 2. What is the units digit of w?
7
What is the units digit of (-976)/(-144) - (-4)/18?
7
Let d(v) = -v + 8. Let y(g) = -g - 1. Let t be y(-7). Let p be d(t). Suppose -p*h = h - 12. What is the units digit of h?
4
Suppose 3*i + b + 70 = 0, -i - 1 - 9 = -3*b. Let v = 51 + i. What is the tens digit of v?
2
Suppose 5*m - z - 27 = 0, 3*m - 4*z = -0*z + 23. Suppose m*i + 25 = 0, 0 = 5*s - 6*i + i - 165. Let f = s - 20. What is the units digit of f?
8
Let f = 24 - 12. Let r be -3*(f/(-9) + 0). What is the units digit of r - 1/(2/(-4))?
6
Let j(o) = -o + 10. Let c be j(8). Let k be (1 - 1) + c + -4. What is the units digit of (k/3)/((-3)/27)?
6
Let a be ((-2)/(-8) - -1)*8. Suppose -l + 5*f + a = 0, 0 = -4*l + 2*l + 3*f + 13. What is the units digit of l?
5
Let o = 35 + -17. What is the tens digit of o?
1
Suppose b = 4*f + 41, 5 = b - 2*f - 30. What is the tens digit of b?
2
Let f(d) = 22*d - 21. What is the tens digit of f(10)?
9
Let t(n) = 2*n**2 - 4*n. Let u be 0 - ((-6)/2 - 0). Let d be t(u). Let a = -3 + d. What is the units digit of a?
3
Let l(i) = -i**3 - 2*i**2 - 2*i - 1. Let m be l(-2). Let w(c) be the second derivative of -c**4/12 + 5*c**3/6 - c**2/2 + 4*c. What is the units digit of w(m)?
5
Suppose -4*i + 130 = 34. Let c = -14 + i. What is the units digit of 4/10 + 36/c?
4
Suppose v + 5*l - 11 = 115, 5*l + 504 = 4*v. What is the units digit of v?
6
Let m(a) = -a**2 - 11*a + 15. Let p be m(-11). Let h = 21 - p. Suppose h*x = 3*x + 18. What is the units digit of x?
6
Suppose -2*y + 12 = -2*p - 22, 2*y - 28 = -4*p. Suppose -2*c + 6*c - y = 0. Suppose c*m - 23 = 5. What is the units digit of m?
7
Let u(d) = d**3 - 10*d**2 - 2*d - 5. Let o be u(10). Let t = 66 + o. What is the tens digit of t?
4
Let j(k) = -4*k - 9. Let p(c) = -c. Let v(f) = -j(f) + 3*p(f). Let d be v(-7). What is the units digit of d/(-2 + 15/6)?
4
Suppose -6 = -4*k + 3*r, -2*r + 4 - 8 = 3*k. Suppose 0 = -k*b - 5*b. Suppose b*l + l = 4. What is the units digit of l?
4
Let l = 27 + -23. What is the units digit of l?
4
Let y(p) = p**3 - 3*p**2 + 2*p + 5. Let w be y(4). Let h = w - 18. What is the tens digit of h?
1
Let q(m) = -21*m + 0 + 2 + 4*m + 4. Let f be q(-6). What is the tens digit of f/8 + 2/(-4)?
1
Suppose n + 14 = -5*b - 1, 0 = 5*n + 3*b - 35. Let f = n + -1. What is the units digit of f?
9
Let g be 1 + 0 - (0 + -3). What is the units digit of g/(-2)*1/(-2)?
1
Let b(g) = g**3. Let d be b(0). Suppose -5*n + 2*n + 9 = d. Suppose -n*c + 2 = -c. What is the units digit of c?
1
Suppose 11*l + 174 = 10*l. What is the tens digit of (-6)/(-9)*l/(-4)?
2
Let n(p) = 25*p**2 - p. Let v be n(-1). Let c = 18 - v. Let b = c - -16. What is the units digit of b?
8
Let l be ((-2)/(-2))/(4/8). Suppose -l*i - g - 11 = 2*i, 4*i - g = -21. What is the units digit of (i/8)/((-2)/16)?
4
Let b = -28 + 52. What is the units digit of b?
4
Let b be 0 + -2 + 2*-1. What is the units digit of ((-6)/(-5))/(b/(-20))?
6
Suppose 0 = -3*w - 3*j + 45, -w = j - 2*j - 7. What is the units digit of w?
1
Let b(n) = -n - 13. Let m be b(-13). Suppose m = g + 5*x + 5 - 23, 5*x - 21 = -2*g. What is the units digit of g?
3
Let w = -4 + 6. Suppose w*x = 3*g - 212, -2*x - 25 - 43 = -g. Suppose 36 = -2*j + 5*j - 3*t, -5*j - t = -g. What is the units digit of j?
4
Let u = 272 - 137. Let v = u - 95. What is the units digit of v?
0
Let l(o) be the third derivative of o**4/12 + o**3/6 - 3*o**2. Let u be l(2). Suppose -4*g - 5*n = -24, 0 - 13 = -u*g - 2*n. What is the units digit of g?
1
Let m = -13 - -24. Suppose -b + m - 8 = 0. Suppose -b*f - 4 = -37. What is the units digit of f?
1
Suppose -40*p - 273 = -43*p. What is the tens digit of p?
9
Let r be ((-6)/9)/((-1)/(-9)). Let w be (-5)/(-15) - 22/r. Suppose 0 = 3*n + a - 0*a - 35, -47 = -w*n - a. What is the tens digit of n?
1
Suppose 0 = 4*k - 17 - 31. What is the tens digit of k?
1
Let c(k) = -2*k - 5. Let m be c(-4). Let o be (1 + 2)*(-8)/m. Let s(l) = l**3 + 9*l**2 + 7*l - 3. What is the units digit of s(o)?
5
Let j(w) = w**2 + 6*w - 9. Let p be j(-8). Suppose -p*h + 3*h = -64. What is the tens digit of h?
1
Let z be (4 - 1)*28/12. Suppose -5*u - 3*c = -7*c - z, u = -5*c + 13. Suppose u*r + r = 8. What is the units digit of r?
2
Suppose 4*m - 1450 = -2*z, -42 + 765 = 2*m - z. What is the hundreds digit of m?
3
Let v(z) = -10*z + 5*z**2 - 13 + 19 - 2*z**2. What is the units digit of v(6)?
4
Let g(n) = 30*n - 18. Let f(c) = -c + 1. Let o(p) = 18*f(p) + g(p). What is the tens digit of o(1)?
1
Suppose 13 + 27 = 2*x. Let m = 28 + -40. Let r = m + x. What is the units digit of r?
8
Suppose 2*y - 2*i - 132 = 0, -2*i = -3*y - 7*i + 174. What is the units digit of y?
3
Suppose -3*w = 5*l - 629, -493 = -4*l - 2*w + 3*w. What is the tens digit of l?
2
Suppose z + 4 = -z + 4*m, 5*z - 35 = -5*m. Let j(r) = 0*r**3 - 3*r**2 - 5 - r + 3*r**3 - 2*r**3. What is the units digit of j(z)?
7
Let q be 2 - (-4)/(4 + -2). Suppose q*t + 196 = -2*n + 6*n, -78 = -2*n - 2*t. What is the tens digit of n?
4
Suppose 0 = -5*i + i + 28. Let z = i - -8. What is the units digit of (20/15)/(2/z)?
0
Suppose -57 = -4*j + 315. What is the units digit of j?
3
Let t = 78 - 37. What is the units digit of t?
1
Suppose -4*y + 3*k = -58, -2*y - 7 = -3*k - 33. Suppose 4*z - 5*z - 5*v = -6, 4*v = 2*z + y. What is the tens digit of -2*(-45)/(-24)*z?
1
Suppose -137 + 8 = -3*i - 5*h, 4*h + 108 = 2*i. What is the units digit of i?
8
Suppose -9*n = -n - 552. What is the tens digit of n?
6
Suppose 0 = -2*p - 2 + 26. What is the units digit of p?
2
Let g(j) = -142*j**3 - j**2 + 2. What is the tens digit of g(-1)?
4
Suppose 3*k + 17 = s, 2*s + 2*k = 6*s - 98. What is the tens digit of s?
2
Let w be ((-3)/(-9))/(1/24). Let c(x) = 2*x + 3. Let t be c(w). Suppose -t = -l - 7. What is the tens digit of l?
1
Suppose -14 - 11 = -5*i. Suppose -i = -q - 3. Suppose -2*d = q*d - 12. What is the units digit of d?
3
Let v(f) = 2*f**2 - 44*f + 14. What is the hundreds digit of v(24)?
1
Suppose 0 = -5*q + 3*l - 8*l + 515, 5*q = 4*l + 560. What is the tens digit of q?
0
Suppose -5*s + 5*p + 60 = 0, 5*s = 3*s + p + 26. What is the units digit of (-777)/s*(-2)/3?
7
Let u(v) = 7*v**2 + v + 4. What is the tens digit of u(3)?
7
Suppose 0*w - w - 3*r + 71 = 0, 3*w + 3*r = 201. What is the units digit of w?
5
Let k be 0 + (-2 - 0) + 3. Let g = k - 3. What is the units digit of ((-2 - g) + 1)*14?
4
Suppose -3*w - 22 = 2*g - 6*g, 2*g - 2*w - 12 = 0. Let z be g/6*(-9)/6. What is the units digit of z*(-2 - -2) + 4?
4
Let b(m) = 3*m + 20. What is the units digit of b(-6)?
2
Let m be (-1)/4 - 735/(-28). Let v = m + -4. Suppose 4*b - v = -2*a, 2*b - 1 = 1. What is the units digit of a?
9
Suppose -6*m 